{"id":3,"date":"2019-01-14T16:11:04","date_gmt":"2019-01-14T16:11:04","guid":{"rendered":"https:\/\/familia.kanenberg.com.br\/?page_id=3"},"modified":"2019-03-20T13:24:09","modified_gmt":"2019-03-20T16:24:09","slug":"privacidade","status":"publish","type":"page","link":"https:\/\/www.kanenberg.com.br\/familia\/privacidade\/","title":{"rendered":"Pol\u00edtica de privacidade"},"content":{"rendered":"<h2>Pol\u00edtica de privacidade para <a href=\"https:\/\/familia.kanenberg.com.br\">site de Mem\u00f3rias da fam\u00edlia Kannenberg<\/a><\/h2>\n<p style=\"text-align: justify;\">Todas as suas informa\u00e7\u00f5es pessoais recolhidas, ser\u00e3o usadas para o ajudar a tornar a sua visita no nosso site o mais produtiva e agrad\u00e1vel poss\u00edvel.<\/p>\n<p style=\"text-align: justify;\">A garantia da confidencialidade dos dados pessoais dos utilizadores do nosso site \u00e9 importante para o site de Mem\u00f3rias da fam\u00edlia Kannenberg.<\/p>\n<p style=\"text-align: justify;\">Todas as informa\u00e7\u00f5es pessoais relativas a membros, assinantes, clientes ou visitantes que usem o site de Mem\u00f3rias da fam\u00edlia Kannenberg ser\u00e3o tratadas em concord\u00e2ncia com a Lei da Prote\u00e7\u00e3o de Dados Pessoais de 26 de outubro de 1998 (Lei n.\u00ba 67\/98).<\/p>\n<p style=\"text-align: justify;\">A informa\u00e7\u00e3o pessoal recolhida pode incluir o seu nome, e-mail, n\u00famero de telefone e\/ou telem\u00f3vel, morada, data de nascimento e\/ou outros.<\/p>\n<p style=\"text-align: justify;\">O uso do site de Mem\u00f3rias da fam\u00edlia Kannenberg pressup\u00f5e a aceita\u00e7\u00e3o deste Acordo de privacidade. A equipa do site de Mem\u00f3rias da fam\u00edlia Kannenberg reserva-se ao direito de alterar este acordo sem aviso pr\u00e9vio. Deste modo, recomendamos que consulte a nossa pol\u00edtica de privacidade com regularidade de forma a estar sempre atualizado.<\/p>\n<h2>Os an\u00fancios<\/h2>\n<p style=\"text-align: justify;\">Tal como outros websites, coletamos e utilizamos informa\u00e7\u00e3o contida nos an\u00fancios. A informa\u00e7\u00e3o contida nos an\u00fancios, inclui o seu endere\u00e7o IP (Internet Protocol), o seu ISP (Internet Service Provider, como o Sapo, Clix, ou outro), o browser que utilizou ao visitar o nosso website (como o Internet Explorer ou o Firefox), o tempo da sua visita e que p\u00e1ginas visitou dentro do nosso website.<\/p>\n<h2>Cookie DoubleClick Dart<\/h2>\n<p style=\"text-align: justify;\">O Google, como fornecedor de terceiros, utiliza cookies para exibir an\u00fancios no nosso website;<\/p>\n<p style=\"text-align: justify;\">Com o cookie DART, o Google pode exibir an\u00fancios com base nas visitas que o leitor fez a outros websites na Internet;<\/p>\n<p style=\"text-align: justify;\">Os utilizadores podem desativar o cookie DART visitando a Pol\u00edtica de <a title=\"privacidade da rede de conte\u00fado\" href=\"http:\/\/politicaprivacidade.com\/\">privacidade da rede de conte\u00fado<\/a> e dos an\u00fancios do Google.<\/p>\n<h2>Os Cookies e Web Beacons<\/h2>\n<p style=\"text-align: justify;\">Utilizamos cookies para armazenar informa\u00e7\u00e3o, tais como as suas prefer\u00eancias pessoas quando visita o nosso website. Isto poder\u00e1 incluir um simples popup, ou uma liga\u00e7\u00e3o em v\u00e1rios servi\u00e7os que providenciamos, tais como f\u00f3runs.<\/p>\n<p style=\"text-align: justify;\">Em adi\u00e7\u00e3o tamb\u00e9m utilizamos publicidade de terceiros no nosso website para suportar os custos de manuten\u00e7\u00e3o. Alguns destes publicit\u00e1rios, poder\u00e3o utilizar tecnologias como os cookies e\/ou web beacons quando publicitam no nosso website, o que far\u00e1 com que esses publicit\u00e1rios (como o Google atrav\u00e9s do Google AdSense) tamb\u00e9m recebam a sua informa\u00e7\u00e3o pessoal, como o endere\u00e7o IP, o seu ISP, o seu browser, etc. Esta fun\u00e7\u00e3o \u00e9 geralmente utilizada para geotargeting (mostrar publicidade de Lisboa apenas aos leitores oriundos de Lisboa por ex.) ou apresentar publicidade direcionada a um tipo de utilizador (como mostrar publicidade de restaurante a um utilizador que visita sites de culin\u00e1ria regularmente, por ex.).<\/p>\n<p style=\"text-align: justify;\">Voc\u00ea det\u00e9m o poder de desligar os seus cookies, nas op\u00e7\u00f5es do seu browser, ou efetuando altera\u00e7\u00f5es nas ferramentas de programas Anti-Virus, como o Norton Internet Security. No entanto, isso poder\u00e1 alterar a forma como interage com o nosso website, ou outros websites. Isso poder\u00e1 afetar ou n\u00e3o permitir que fa\u00e7a logins em programas, sites ou f\u00f3runs da nossa e de outras redes.<\/p>\n<h2>Liga\u00e7\u00f5es a Sites de terceiros<\/h2>\n<p style=\"text-align: justify;\">O site de Mem\u00f3rias da fam\u00edlia Kannenberg possui liga\u00e7\u00f5es para outros sites, os quais, a nosso ver, podem conter informa\u00e7\u00f5es \/ ferramentas \u00fateis para os nossos visitantes. A nossa pol\u00edtica de privacidade n\u00e3o \u00e9 aplicada a sites de terceiros, pelo que, caso visite outro site a partir do nosso dever\u00e1 ler a politica de privacidade do mesmo.<\/p>\n<p style=\"text-align: justify;\">N\u00e3o nos responsabilizamos pela pol\u00edtica de privacidade ou conte\u00fado presente nesses mesmos sites.<\/p>\n","protected":false},"excerpt":{"rendered":"<p>Pol\u00edtica de privacidade para site de Mem\u00f3rias da fam\u00edlia Kannenberg Todas as suas informa\u00e7\u00f5es pessoais recolhidas, ser\u00e3o usadas para o[&#8230;]<\/p>\n","protected":false},"author":1,"featured_media":0,"parent":0,"menu_order":0,"comment_status":"closed","ping_status":"open","template":"","meta":{"_exactmetrics_skip_tracking":false,"_exactmetrics_sitenote_active":false,"_exactmetrics_sitenote_note":"","_exactmetrics_sitenote_category":0,"jetpack_post_was_ever_published":false,"footnotes":""},"class_list":["post-3","page","type-page","status-publish","hentry"],"jetpack_sharing_enabled":false,"jetpack_shortlink":"https:\/\/wp.me\/PaCYDp-3","jetpack_likes_enabled":true,"jetpack-related-posts":[{"id":2,"url":"https:\/\/www.kanenberg.com.br\/familia\/","url_meta":{"origin":3,"position":0},"title":"Mem\u00f3rias de Fam\u00edlia","author":"admin","date":"14 de janeiro de 2019","format":false,"excerpt":"Cada fam\u00edlia carrega consigo uma hist\u00f3ria \u2014 feita de nomes, rostos, lugares e lembran\u00e7as que atravessam o tempo. Este espa\u00e7o nasceu do desejo de preservar essas mem\u00f3rias, reunir fragmentos do passado e dar vida \u00e0s hist\u00f3rias daqueles que vieram antes de n\u00f3s. Aqui est\u00e3o registradas trajet\u00f3rias de antepassados, documentos, fotografias\u2026","rel":"","context":"Post similar","block_context":{"text":"Post similar","link":""},"img":{"alt_text":"","src":"","width":0,"height":0},"classes":[]},{"id":1196,"url":"https:\/\/www.kanenberg.com.br\/familia\/livro\/","url_meta":{"origin":3,"position":1},"title":"Deixando tudo para tr\u00e1s \u2013 A coragem dos que vieram","author":"admin","date":"29 de mar\u00e7o de 2026","format":false,"excerpt":"Um livro sobre coragem, esperan\u00e7a e recome\u00e7o. \"Deixando tudo para tr\u00e1s \u2013 A coragem dos que vieram\" conta a hist\u00f3ria dos imigrantes alem\u00e3es que atravessaram o oceano em busca de uma nova vida no Brasil. Apresenta\u00e7\u00e3o \"Deixando tudo para tr\u00e1s \u2013 A coragem dos que vieram\" \u00e9 uma obra dedicada\u2026","rel":"","context":"Post similar","block_context":{"text":"Post similar","link":""},"img":{"alt_text":"Livro: Deixando tudo para tr\u00e1s \u2013 A coragem dos que vieram","src":"https:\/\/i0.wp.com\/www.kanenberg.com.br\/familia\/wp-content\/uploads\/2026\/03\/ChatGPT-Image-22-de-mar.-de-2026-20_01_08-600x400.png?resize=350%2C200&ssl=1","width":350,"height":200},"classes":[]},{"id":230,"url":"https:\/\/www.kanenberg.com.br\/familia\/contato\/","url_meta":{"origin":3,"position":2},"title":"Contato","author":"admin","date":"30 de janeiro de 2019","format":false,"excerpt":"Caso queira ou necessite entrar em contato, use o formul\u00e1rio abaixo. Agradecemos e assim que poss\u00edvel (se houver necessidade) retornaremos contato.","rel":"","context":"Post similar","block_context":{"text":"Post similar","link":""},"img":{"alt_text":"","src":"","width":0,"height":0},"classes":[]}],"amp_enabled":true,"_links":{"self":[{"href":"https:\/\/www.kanenberg.com.br\/familia\/wp-json\/wp\/v2\/pages\/3","targetHints":{"allow":["GET"]}}],"collection":[{"href":"https:\/\/www.kanenberg.com.br\/familia\/wp-json\/wp\/v2\/pages"}],"about":[{"href":"https:\/\/www.kanenberg.com.br\/familia\/wp-json\/wp\/v2\/types\/page"}],"author":[{"embeddable":true,"href":"https:\/\/www.kanenberg.com.br\/familia\/wp-json\/wp\/v2\/users\/1"}],"replies":[{"embeddable":true,"href":"https:\/\/www.kanenberg.com.br\/familia\/wp-json\/wp\/v2\/comments?post=3"}],"version-history":[{"count":6,"href":"https:\/\/www.kanenberg.com.br\/familia\/wp-json\/wp\/v2\/pages\/3\/revisions"}],"predecessor-version":[{"id":730,"href":"https:\/\/www.kanenberg.com.br\/familia\/wp-json\/wp\/v2\/pages\/3\/revisions\/730"}],"wp:attachment":[{"href":"https:\/\/www.kanenberg.com.br\/familia\/wp-json\/wp\/v2\/media?parent=3"}],"curies":[{"name":"wp","href":"https:\/\/api.w.org\/{rel}","templated":true}]}}